29 = -3*l. Calculate f(j).
4
Let v(g) = g + 1. Let k(u) = -5. Let x(p) = -k(p) - v(p). Let w be x(8). Let d(f) = -f**2 - 7*f - 6. Determine d(w).
6
Let x(n) be the third derivative of -n**5/60 + 7*n**4/24 - n**3/3 - 3*n**2. Calculate x(5).
8
Let l(c) = -c + 41. Let z(q) = -q + 28. Let d(f) = 5*l(f) - 7*z(f). Determine d(-7).
-5
Let u(w) be the first derivative of 2 + 0*w + 1/2*w**4 + 0*w**3 + 1/2*w**2. Give u(1).
3
Let g(z) = z - 4. Suppose 25 = 3*s - 2*t, 5*s = 2*s - 4*t + 13. Let v be s - 9 - (-8)/2. Let p be v/(-3)*(-30)/(-4). Calculate g(p).
-9
Let z(l) = 3*l**3 - 4*l**3 + 2*l**3 - l + 3*l + 9 + 7*l**2. Calculate z(-7).
-5
Let u(z) = 1 - 10*z - 10*z + 15*z + z**3 - 5*z**2 + 0*z**3. Let i be 11 + -1 + 1 + -1. Let w = i - 4. Calculate u(w).
7
Let d(w) = w + 1. Suppose 5*n + x - 19 = 0, 1 = 3*n - x - x. Let g = -5 + 3. Let y(h) = h + 2. Let q(o) = g*y(o) + n*d(o). What is q(-1)?
-2
Let o(r) = -6*r + 1. Let b be 2*(-2 - 7/(-2)). Let p be 4/14 - (-78)/21. Let l = p - b. Determine o(l).
-5
Let u(i) be the second derivative of -2*i**3/3 + i**2/2 + 26*i. Give u(-1).
5
Let f be ((-6)/4 - -1)*-6. Let j(s) = 2*s**2 + f*s**2 - 5*s**2 - s**3. What is j(2)?
-8
Let r(t) be the second derivative of t**3/3 - 3*t**2/2 + t. Let h be 1922/372 - (-5)/6. Give r(h).
9
Let o(t) be the first derivative of -4/3*t**3 + 1 + 1/2*t**2 - t. Suppose 0*a = c - 5*a - 6, 0 = c + 4*a + 3. Determine o(c).
-4
Let u(s) be the second derivative of -s**6/360 + s**5/20 + s**4/12 + s. Let q(c) be the third derivative of u(c). Suppose -16*m = -12*m - 20. Give q(m).
-4
Let h = 99 + -95. Let p(f) be the second derivative of 3*f + 9/2*f**2 + 0 + 1/12*f**h + 0*f**3. Calculate p(0).
9
Let n(m) = -m**2 - 23. Suppose v = -11*v. Determine n(v).
-23
Let q(c) = 9*c - 4 - 4*c**2 + 5 + 2*c**2 - 2. What is q(6)?
-19
Let s(z) = 2 + z + z + 2*z. Determine s(-3).
-10
Let d be (-8 + 0)*1/(-2). Let u(r) be the second derivative of -r**3/6 + 3*r**2/2 - 2*r + 4. Calculate u(d).
-1
Suppose -4*a + k + 7 = -0*a, 1 = -a + 3*k. Let v(u) = -a*u + 3*u - 3*u. Calculate v(2).
-4
Let p(l) = -2*l - 3. Let j be p(-6). Suppose a - j = 4*a. Let m(n) be the second derivative of 2*n**3/3 + 2*n**2 - 6*n. Calculate m(a).
-8
Suppose 0 = c + 3*i + 7, -2*c - 3*c - i = 21. Let u(g) = -3*g - 6. Calculate u(c).
6
Suppose -2*c = 5*z + 9, -c = -4*c + 4*z + 21. Let v(u) be the second derivative of u - 1/12*u**4 + 2*u**2 + 0 - 1/2*u**c. Give v(-5).
-6
Suppose 0 = -m - c, 0*m = -m - 2*c + 4. Let p(a) = -1098*a**2 + 1097*a**2 + 7 - 4*a - 2 - 4. Calculate p(m).
1
Let i(t) = -t**3 - t - 6. Let x(w) = w**2 + 1. Let q(d) = -i(d) - 3*x(d). Calculate q(3).
6
Let s(b) = -b + 22. Let q be s(22). Let j(r) = -r**3 + 6*r**2 - r - 3. Let h(n) = n**3 - 5*n**2 + n + 2. Let v(u) = -5*h(u) - 4*j(u). Determine v(q).
2
Let p be 6 + (-2 - -2) + -3. Let l(k) = -1 + p*k - 4*k + 4. Determine l(7).
-4
Suppose 0*x = x - 2. Suppose -1 = -d + x. Let f(c) = -c - 1. Let p(z) = 11*z + 8. Let t(g) = -18*f(g) - 2*p(g). Calculate t(d).
-10
Let u(h) = -h**3 - 2*h**2 - 3*h. Let n(c) = c**2. Let g(x) = 4*n(x) - u(x). What is g(-3)?
18
Suppose 0 = -3*c - 3 - 3. Let r be c*(-1)/(-6)*3. Let d(a) be the second derivative of -a**4/6 - a**3/6 + 4*a. Determine d(r).
-1
Let a(b) = -b**3 + 4*b**2 - 3*b + 4. Suppose -j = -4*j + 69. Suppose -j = -4*n - 7. Determine a(n).
-8
Suppose 11 = -3*t + p, -2*t + 4*p = -3*t + 18. Let w(r) = r**3 + 3*r**2 + r + 1. What is w(t)?
3
Suppose z = 2*x - 16, 0*z - 14 = -z - 4*x. Let j(b) = -2*b - 6. What is j(z)?
6
Let u(k) = 7*k**2 + 13*k + 7. Let y be -14 + (-7)/((-21)/(-9)). Let h(p) = -20*p**2 - 38*p - 20. Let c(z) = y*u(z) - 6*h(z). Give c(-7).
1
Let q be (16/(-32))/(0 - (-2)/4). Let w(k) = -k - 1. Give w(q).
0
Let v(b) = 2*b**2 + 2*b - 2. Let k = -6 + 4. Let q be v(k). Suppose q*w - 1 = 3*c, 3*c - 17 = -c - w. Let o(f) = f**2 - 4*f - 3. Give o(c).
-6
Let y(g) = g**3 + 2*g**2 - 3*g. Let m = 14 + 11. Let q be 12/(-5) + (-15)/m. Calculate y(q).
0
Suppose 26 = -i - i. Let y = 6 + i. Let u = 8 + y. Let o(a) = -6*a**2 - 2*a + 1. Calculate o(u).
-7
Let r(n) be the second derivative of n**5/20 - 5*n**4/6 + 4*n**3/3 - 5*n**2/2 + 17*n. Determine r(9).
-14
Let i(k) = -k**2 + 8*k - 15. Let w be i(6). Let x(d) = -2*d**2 - 2*d + 4. Determine x(w).
-8
Let n(d) = -4 - 2*d + 11 + 2. Let r be n(6). Let y(c) = c**2 + c - 2. Calculate y(r).
4
Let a(c) = -3*c + 1. Let n(j) = -j**3 - 3*j**2 + 4*j + 1. Let h be n(-4). Suppose 4*x + 7 = -2*u + h, 2*x = -2*u - 4. Calculate a(u).
4
Let z(b) = b**2 + 6*b + 4. Let y(q) = q. Let p(n) = -3*y(n) - z(n). Determine p(-6).
14
Let n(l) = 5*l**2 + 12*l + 3. Let p(x) = 17*x**2 + 37*x + 8. Let h(f) = -7*n(f) + 2*p(f). Give h(-10).
-5
Let j(n) be the second derivative of -n**5/60 - 7*n**4/24 - n**3 - n**2 - n. Let q(z) be the first derivative of j(z). What is q(-4)?
6
Let h(z) = -z**2 - z + 4. Let a(n) = 3*n + n**3 + 3*n**2 - 3 - 8*n - 1. Let l be a(-4). Give h(l).
4
Let a(b) = -3 - 6*b + 3*b + b. Let u = 0 - -4. Suppose j + u = -k, -3*j + 4*k + 0 - 12 = 0. What is a(j)?
5
Let j(d) = -d**2 + 9*d - 3. Let s(x) = -4*x + 3. Let p(c) = 11*c - 8. Let o(l) = -3*p(l) - 8*s(l). Let g(n) = -j(n) - 5*o(n). What is g(4)?
3
Let q(f) = f - 1. Let n be (-4)/18 + 472/18. Let v = 37 - n. Let k = v + -6. Determine q(k).
4
Let o(s) = -s**2 - 5*s + 5. Let m be o(2). Let c = m - -3. Let h(d) = 2*d + 3. Determine h(c).
-9
Suppose -11 = -3*a - 8. Let c be -1 - ((-2)/a + 2). Let j(w) = 2*w. Determine j(c).
-2
Let t = -8 + 4. Let i be 212/18 + t/(-18). Suppose 3*j = -0*j - i, 5*j = 2*r - 16. Let a(k) = k. Give a(r).
-2
Let p(i) = i**2 - 8*i. Let f = 36 - 28. Give p(f).
0
Let o(j) be the third derivative of -j**4/12 - 4*j**3/3 - 25*j**2. Let z(t) = -t**2 - 6*t - 7. Let a be z(-6). What is o(a)?
6
Let y(u) be the first derivative of -u**2 + 3*u - 25. What is y(5)?
-7
Let b(g) = -4*g**2 - g - g**3 - 3*g**2 - 3 + 2*g**2. Let x(p) = -2*p**3 - 9*p**2 - 2*p - 6. Let y(a) = -7*b(a) + 4*x(a). Determine y(0).
-3
Suppose 0 = -v + 3*v + 8. Let f = v + 1. Let o(i) = 0 + 3 + i + 0. Calculate o(f).
0
Suppose 2*h = -3 + 9. Suppose h*a + 0 = -12. Let r(n) = 3*n. Give r(a).
-12
Suppose -m + 2 = -1. Let u(i) = i**2 - 3*i + 3. What is u(m)?
3
Let j(q) be the third derivative of 3*q**6/40 + q**3/6 - 3*q**2. Give j(-1).
-8
Let u(x) be the second derivative of x**4/12 - x**3 + 3*x**2/2 - 24*x. Determine u(4).
-5
Let l(x) = 2*x - 1. Let a(q) = 6*q - 3. Let v(o) = 2*a(o) - 7*l(o). Determine v(-5).
11
Let f(v) be the third derivative of -v**7/1260 + v**6/240 + v**4/12 + 3*v**2. Let r(n) be the second derivative of f(n). Give r(3).
-9
Let f(d) = -d**2 + 5*d + 6. Let x be f(6). Let b(p) = -7*p + 1 + x - 2. Determine b(-1).
6
Let q(t) = 7*t. Let m(u) = -7*u. Let p be ((-12)/16)/((-1)/(-8)). Let c(o) = p*m(o) - 7*q(o). Suppose -5*s = -5*b - 5, 0 = b + 2*b - s + 3. Calculate c(b).
7
Let k(p) = 3*p + 1. Suppose 0*j + 3*j = -2*v + 12, 3*j + 3 = 3*v. Suppose 0 = 5*f - j*f + 6. Determine k(f).
-5
Let t(l) = -5 - 2*l**2 + 0*l**2 + l**2 + 5*l. Suppose -3*a + 2 = 2*v, -2*v + 2 + 4 = a. Determine t(v).
-1
Let h = 9 + -3. Let m(v) be the second derivative of v**5/20 - 5*v**4/12 - v**3 + 5*v**2/2 + 3*v. Determine m(h).
5
Let l be (6 - 4)/(-2*1). Let j be -1*(-1)/1*l. Let t(o) = -7*o**3 - 10*o**2 + 5*o - 4. Let w(r) = r**3 + r**2 + 1. Let a(u) = j*t(u) - 6*w(u). What is a(-5)?
-2
Suppose -4 = 2*q - 7*q + 3*y, y = -4*q - 7. Let n(f) be the first derivative of 3*f**4/4 + f**2/2 + f + 2. Calculate n(q).
-3
Let r(o) = -16*o**2 + 3*o + 17*o**2 - 2*o. Determine r(0).
0
Let x(t) = -6*t**3 - 2*t**2 + 1. Let s(m) = -m**3 + 3*m**2 + 3*m + 5. Let d(k) = 2*k - 6. Suppose u - 3 = 2. Let l be d(u). Let b be s(l). What is x(b)?
-7
Let a(w) = -w**2 + 6*w - 2. Suppose 8 + 12 = 5*c. Give a(c).
6
Let h(z) be the second derivative of 9*z**5/10 - z**4/12 + z**3/6 + 3*z + 10. Determine h(1).
18
Suppose 5*b = 3*b + 12. Suppose f + 5*a + 35 = b*f, 0 = 2*a + 2. Let l(v) = v**2 - 6*v - 1. Calculate l(f).
-1
Let x(b) = b**3 - 2*b**2 - 2*b**3 + 6 + 2*b**2 + b**2. Suppose 4*m - 2*w - 2*w = 8, 3*w = m - 6. Give x(m).
6
Let q(d) be the first derivative of -5*d**3/6 - 2*d + 2. Let v(p) be the first derivative of q(p). What is v(-1)?
5
Let n(p) = 3 + 7*p + 0*p**3 + 2*p**2 - 5*p + p**3. Give n(-2).
-1
Let z(o) = o. Let 